 is -ee + -26a6?
-27a5
In base 3, what is 220101012220 + 21?
220101020011
In base 5, what is 4343 - 230?
4113
In base 12, what is 3811 - 2?
380b
In base 4, what is -3 - -22012331?
22012322
In base 7, what is -4 - 1263346?
-1263353
In base 4, what is 1020 - 13233310?
-13232230
In base 3, what is 10 + -2112101?
-2112021
In base 3, what is 110022 - -2120?
112212
In base 3, what is -100 + -20112112?
-20112212
In base 10, what is 51 - -13107?
13158
In base 11, what is -132 - -30?
-102
In base 8, what is 6 + 572?
600
In base 12, what is -4b4a9 - 12?
-4b4bb
In base 13, what is -16b - -a7?
-94
In base 12, what is 272725 - -1?
272726
In base 2, what is -1 + -10101101111011?
-10101101111100
In base 16, what is -528e - 5?
-5293
In base 12, what is 9b3 - 16a?
845
In base 16, what is 7e47 - -1?
7e48
In base 10, what is -11201 - 4?
-11205
In base 15, what is -a43 + -20?
-a63
In base 8, what is 4 + 3760?
3764
In base 2, what is -10110 + -10000001100?
-10000100010
In base 13, what is 136b - -b0?
144b
In base 9, what is 581 + 61?
652
In base 8, what is 5122 + 7?
5131
In base 7, what is 15 + 20?
35
In base 6, what is -2101 + 103114?
101013
In base 2, what is -11010111 + -1111010001?
-10010101000
In base 15, what is -78d - 41?
-7ce
In base 15, what is 729 - -35?
75e
In base 15, what is 144 - 0?
144
In base 11, what is -4 - -67710?
67707
In base 4, what is 323112 - 11?
323101
In base 13, what is -11 + 94a?
939
In base 5, what is -1400140 - 31?
-1400221
In base 12, what is 1b563 - -5?
1b568
In base 16, what is -108 - d2?
-1da
In base 16, what is -3 + 429?
426
In base 14, what is 35266 + 0?
35266
In base 11, what is -112a92 + 0?
-112a92
In base 11, what is -13 + -5333?
-5346
In base 2, what is 1 + 10110110111100110?
10110110111100111
In base 13, what is -6399c - -1?
-6399b
In base 3, what is 10 + -122211220?
-122211210
In base 9, what is -12528 + 25?
-12503
In base 14, what is 16a + 7b61?
7ccb
In base 11, what is 29968 + 4?
29971
In base 13, what is 135 + 99?
201
In base 14, what is -1 - 57ac?
-57ad
In base 11, what is 27938 - 9?
2792a
In base 15, what is 225 + -6?
21e
In base 9, what is 647001 + -20?
646871
In base 7, what is 212 - 3651?
-3436
In base 5, what is 10 - 2204?
-2144
In base 14, what is 9078 - 3?
9075
In base 9, what is -175 - -847?
662
In base 3, what is 11222 - 21201110?
-21112111
In base 5, what is 222 - 4144?
-3422
In base 9, what is -24200 - 4?
-24204
In base 9, what is -6 - -85088?
85082
In base 8, what is 11621 - -327?
12150
In base 2, what is 11010 - 1111100100011100?
-1111100100000010
In base 16, what is -18 + -b557?
-b56f
In base 10, what is 407659 + -2?
407657
In base 7, what is -3 - 2602631?
-2602634
In base 3, what is 1220 + -2002?
-12
In base 4, what is -1100 + 13323?
12223
In base 5, what is 10 - -1043423?
1043433
In base 2, what is 101110101101100 + -1010110?
101110100010110
In base 12, what is 15128 + -9?
1511b
In base 11, what is -177 + 18092?
17a16
In base 2, what is -11101101 + 1011010110?
111101001
In base 15, what is -56 + -3c2?
-428
In base 12, what is aa0 - -305?
11a5
In base 10, what is 11436 - 159?
11277
In base 7, what is 4 + -340211?
-340204
In base 5, what is 2 + 1142130?
1142132
In base 13, what is 30c1 - 1?
30c0
In base 3, what is -21 + 21012111102?
21012111011
In base 3, what is -22 - -110000020001?
110000012202
In base 6, what is -15 + 12150?
12131
In base 14, what is -1ccb + 15c?
-1b6d
In base 9, what is 450 - 25?
424
In base 15, what is 4444 + 6?
444a
In base 12, what is 0 + -8175?
-8175
In base 6, what is -1441 + -40244?
-42125
In base 13, what is 1496 - 11?
1485
In base 4, what is 11233221 - 2?
11233213
In base 9, what is -270 - 501?
-771
In base 11, what is -5 + -5720?
-5725
In base 15, what is -5 - -1036?
1031
In base 8, what is -44756 - -135?
-44621
In base 8, what is -61541 - -5?
-61534
In base 4, what is -221212 + -20212?
-302030
In base 9, what is 101565 + 1?
101566
In base 2, what is -100101 + -10111010100000?
-10111011000101
In base 13, what is -1b04 - 38?
-1b3c
In base 7, what is 355 - 111?
244
In base 4, what is -211322 + 20?
-211302
In base 15, what is -33 - 28d?
-2c1
In base 7, what is -1260231 - 4?
-1260235
In base 3, what is -11110110221 - 12?
-11110111010
In base 9, what is -72 + 40?
-32
In base 12, what is 186 - 68?
11a
In base 10, what is 18286 - -2?
18288
In base 10, what is 3 + -15707?
-15704
In base 10, what is 50 - -57?
107
In base 15, what is 303d + -8?
3035
In base 2, what is 11 + 110111011011101?
110111011100000
In base 13, what is 3788a + -24?
37866
In base 2, what is -11010011 + 100000110?
110011
In base 3, what is -111022120010 - -12?
-111022112221
In base 11, what is 190 + 8a?
26a
In base 14, what is 5 - -46d?
474
In base 13, what is -ac2 + 15?
-aaa
In base 13, what is -536cb + -7?
-53705
In base 15, what is 5 + 18ea?
1900
In base 11, what is a5 - 582?
-488
In base 7, what is -112 - -3036?
2624
In base 5, what is 130222 - -413?
131140
In base 13, what is -3 - 6046?
-6049
In base 16, what is 165 - 495?
-330
In base 9, what is -7 + 351?
343
In base 16, what is -22d6 - 26?
-22fc
In base 15, what is -32c5e3 - 2?
-32c5e5
In base 11, what is -5 + -32396?
-323a0
In base 11, what is 199 + a0?
289
In base 13, what is -376 + 16?
-360
In base 16, what is -642 + 3?
-63f
In base 16, what is c9d23 - 2?
c9d21
In base 11, what is -46 - 28a56?
-28aa1
In base 2, what is 10010000001111100 + 0?
10010000001111100
In base 16, what is 22 + 334d?
336f
In base 16, what is 12f + 2ca?
3f9
In base 12, what is -b7b - 2a?
-ba9
In base 13, what is -13b + -81?
-1bc
In base 2, what is -101001011000010 - -100?
-101001010111110
In base 13, what is 0 + -6535?
-6535
In base 14, what is 5 + 692?
697
In base 12, what is -6510b0 - 5?
-6510b5
In base 4, what is 103303211 + -1?
103303210
In base 2, what is -10101010110111101000 + -101?
-10101010110111101101
In base 14, what is 1a - -187?
1a3
In base 9, what is 63 + 8465?
8538
In base 4, what is 221201 + -30122?
131013
In base 9, what is -772 - 1450?
-2332
In base 2, what is 11001011000110110 + -1?
11001011000110101
In base 7, what is 434 + 45?
512
In base 13, what is -94 + 315?
251
In base 4, what is -302 + -100031?
-100333
In base 2, what is 111111 + 1101000?
10100111
In base 7, what is -30 - 13446?
-13506
In base 8, what is 4 + -236641?
-236635
In base 7, what is -25004 + 1?
-25003
In base 2, what is -11110011011 - -1011000100?
-10011010111
In base 11, what is 2227 - -111?
2338
In base 8, what is -7024 + 4?
-7020
In base 14, what is -72 + -29d6?
-2a68
In base 5, what is 14310 + -131?
14124
In base 15, what is 24 - 3a9?
-385
In base 7, what is -6426 + -5?
-6434
In base 9, what is 1 + 146118?
146120
In base 2, what is 1001010110001001 - -1?
1001010110001010
In base 4, what is -2 - -322031110?
322031102
In base 2, what is 1101011000 - 1111011?
1011011101
In base 10, what is 2339 - 16?
2323
In base 8, what is -11 + 2270?
2257
In base 9, what is 133143 + -4?
133138
In base 2, what is -1 + 1010101000101111000?
1010101000101110111
In base 12, what is 2 - -24312?
24314
In base 13, what is 7 - -4912?
4919
In base 14, what is -4 - -cb4c?
cb48
In base 16, what is -78ed + 5?
-78e8
In base 6, what is 1505 - 3410?
-1501
In base 15, what is -2 + 1c80d?
1c80b
In base 14, what is -6d - b95?
-c24
In base 4, what is -3 + 2223301?
2223232
In base 13, what is 20 + 489?
4a9
In base 3, what is 11 + -121012121?
-121012110
In base 12, what is -20783 - -5?
-2077a
In base 15, what is -a - 814?
-81e
In base 5, what is 14242210 - -11?
14242221
In base 10, what is -415910 + 3?
-415907
In base 13, what is -36a - -a2?
-298
In base 11, what is -4 + 39633?
3962a
In base 14, what is -6308 + -1?
-6309
In base 16, what is 2d4 - 38?
29c
In base 15, what is e + -b98?
-b89
In base 6, what is 220532 - 0?
220532
In base 15, what is 15 - b21b?
-b206
In base 7, what is 35604 - 551?
35023
In base 10, what is 917210 - -1?
917211
In base 2, what is -1001001000011100 + -101?
-1001001000100001
In base 12, what is 7a - 65a?
-5a0
In base 12, what is 36 - 64aa?
-6474
In base 14, what is -12 - -c7d?
c6b
In base 15, what is -620e - 7?
-6216
In base 9, what is 2277 - -3?
2281
In base 14, what is -8b7 - 1aa?
-a83
In base 8, what is -1251 + 35?
-1214
In base 4, what is -1 - -10033313?
10033312
In base 8, what is 2571401 + -3?
25